late the highest common factor of 119532 and 511.
7
Calculate the highest common factor of 2396 and 443582262.
1198
Calculate the highest common divisor of 10172315 and 95.
95
Calculate the greatest common divisor of 657 and 29737134.
657
What is the greatest common factor of 33086858 and 112406?
3038
What is the highest common divisor of 3326607 and 19323?
1017
What is the highest common factor of 98 and 81670799?
49
Calculate the greatest common factor of 380 and 6068030.
190
What is the greatest common divisor of 116578 and 33946?
22
Calculate the highest common factor of 3808 and 4565078.
238
What is the greatest common factor of 75 and 2180955?
15
Calculate the highest common divisor of 14326500 and 20.
20
Calculate the highest common factor of 3666286 and 207701.
169
What is the highest common divisor of 2936 and 1055119128?
2936
What is the greatest common factor of 182410 and 52258?
986
What is the greatest common divisor of 63952 and 55578856?
4568
Calculate the greatest common divisor of 773110 and 4370.
190
What is the greatest common divisor of 40900 and 7501100?
100
Calculate the greatest common divisor of 10692 and 10856835.
891
What is the greatest common divisor of 11824916 and 7327?
431
What is the greatest common divisor of 11663 and 2011634240?
11663
What is the highest common factor of 5490 and 77490?
90
Calculate the greatest common divisor of 29219876 and 1456.
28
What is the greatest common divisor of 48 and 80594574?
6
What is the highest common factor of 430442 and 2378248?
746
What is the highest common factor of 12146 and 3112?
2
Calculate the highest common divisor of 151464 and 2424.
24
Calculate the highest common factor of 32247060 and 14385.
2055
What is the greatest common divisor of 728 and 22193122?
14
Calculate the greatest common divisor of 115086523 and 194.
97
Calculate the greatest common divisor of 164725 and 9237778.
6589
What is the highest common factor of 226776 and 55704?
264
What is the greatest common factor of 168 and 1387212456?
168
What is the greatest common factor of 2219514 and 473?
11
Calculate the highest common divisor of 23236 and 12227945.
5809
Calculate the greatest common factor of 46974 and 48162.
6
What is the highest common divisor of 95760 and 17909780?
2660
What is the greatest common factor of 3900453 and 102828?
2337
Calculate the highest common divisor of 11342 and 30923.
107
Calculate the greatest common factor of 10155327 and 2496.
39
Calculate the greatest common factor of 2684 and 1143323.
61
What is the greatest common divisor of 2906833 and 915?
61
What is the highest common factor of 145519 and 1419?
11
What is the greatest common divisor of 9074700 and 500?
100
Calculate the highest common divisor of 1341123 and 189.
21
Calculate the greatest common factor of 5316 and 17153403.
1329
Calculate the greatest common divisor of 100306 and 1106.
2
What is the greatest common divisor of 415654676 and 8196?
2732
Calculate the highest common factor of 12184407 and 6399.
711
Calculate the greatest common factor of 4121961 and 139314.
321
What is the highest common divisor of 7124208 and 897?
39
What is the greatest common factor of 1325160 and 1253585?
2045
What is the highest common factor of 1306005 and 10375?
415
Calculate the greatest common divisor of 2 and 17170283.
1
What is the highest common divisor of 96 and 1635409680?
48
Calculate the greatest common factor of 16185 and 1833585.
195
What is the greatest common divisor of 395528970 and 1598?
1598
What is the greatest common divisor of 4 and 15344612?
4
What is the highest common factor of 68892550 and 175?
25
What is the highest common factor of 988304 and 7657?
19
What is the greatest common factor of 6503310 and 990?
990
What is the greatest common divisor of 570 and 1248375?
15
Calculate the highest common factor of 155 and 54200380.
5
Calculate the highest common factor of 15669 and 421322.
1741
What is the highest common factor of 36277002 and 702?
18
Calculate the greatest common factor of 60280 and 255640.
440
Calculate the highest common divisor of 4325 and 10546080.
865
What is the greatest common factor of 6840 and 8172280?
760
What is the highest common divisor of 1509 and 759846387?
1509
Calculate the greatest common divisor of 1168832 and 21952.
448
What is the highest common factor of 1463107949 and 1889?
1889
What is the greatest common divisor of 8812500 and 31020?
2820
What is the highest common divisor of 33289664 and 64?
64
What is the greatest common divisor of 747081480 and 120?
120
Calculate the highest common factor of 10956 and 397788.
12
What is the highest common factor of 15414 and 576660?
42
What is the greatest common factor of 1124648 and 237976?
1208
What is the highest common divisor of 9761 and 2602101?
227
What is the greatest common divisor of 253 and 5590464?
11
What is the highest common factor of 434 and 12873742?
434
What is the greatest common factor of 24598555 and 183?
61
Calculate the greatest common divisor of 2394 and 35572978.
266
What is the highest common factor of 1112352 and 5568?
96
Calculate the highest common divisor of 10456080 and 16720.
1520
What is the greatest common factor of 375020 and 1161100?
340
Calculate the greatest common divisor of 5908 and 684062.
422
Calculate the highest common factor of 95368 and 38792.
104
Calculate the greatest common factor of 25490480 and 180.
20
Calculate the greatest common factor of 493340 and 5814.
34
What is the highest common factor of 6231104 and 82832?
2672
Calculate the highest common divisor of 2 and 142370638.
2
What is the greatest common divisor of 1527616233 and 4433?
4433
What is the greatest common factor of 6533 and 52451342?
47
Calculate the highest common factor of 14097476 and 17608.
284
Calculate the greatest common factor of 2072664 and 11.
11
What is the greatest common divisor of 57528 and 181104?
24
Calculate the highest common divisor of 3762 and 9151692.
1254
What is the greatest common factor of 6870 and 5905710?
30
What is the greatest common factor of 15804607 and 117?
13
Calculate the greatest common divisor of 2210 and 1554514.
442
What is the highest common factor of 5851178 and 25072?
3134
Calculate the greatest common divisor of 6 and 1962884526.
6
Calculate the greatest common factor of 597749835 and 2040.
255
What is the greatest common factor of 2155435 and 115?
5
What is the highest common factor of 57 and 13372580?
19
What is the greatest common factor of 127308 and 836?
4
Calculate the highest common factor of 5097421 and 50715.
1127
What is the highest common divisor of 77500 and 2882500?
2500
Calculate the highest common factor of 147 and 10664654.
49
Calculate the highest common factor of 248790 and 2670.
30
What is the highest common divisor of 1837903974 and 894?
894
Calculate the greatest common factor of 1343453 and 437.
23
What is the highest common divisor of 1374264 and 12339?
9
Calculate the highest common factor of 13275 and 579450.
75
Calculate the highest common factor of 266941427 and 2921.
2921
Calculate the highest common divisor of 3773 and 11018161.
77
Calculate the greatest common divisor of 196669617 and 102.
51
Calculate the highest common divisor of 555367 and 137647.
59
What is the greatest common divisor of 65 and 317960565?
65
Calculate the highest common divisor of 2967521 and 291.
97
Calculate the highest common divisor of 219885 and 2965776.
411
What is the highest common factor of 5278 and 714154?
406
Calculate the highest common divisor of 21953756 and 13132.
268
Calculate the greatest common factor of 16850340 and 9475.
1895
What is the highest common factor of 362159 and 338590?
49
Calculate the greatest common divisor of 34643 and 137966.
101
Calculate the highest common factor of 12208 and 32294738.
1526
What is the highest common factor of 34 and 44920749?
17
What is the highest common factor of 23872872 and 6444?
2148
What is the highest common divisor of 96 and 342381480?
24
What is the greatest common divisor of 158278707 and 4638?
2319
What is the greatest common factor of 11191758 and 5691?
813
Calculate the greatest common factor of 193972 and 54967840.
2732
Calculate the highest common factor of 86944968 and 1892.
1892
What is the highest 